se 15, what is -b26 - 1e7?
-d1d
In base 7, what is -24420226461 - 1?
-24420226462
In base 2, what is 101000100000100 - -1001?
101000100001101
In base 16, what is -4fb - 12cd5?
-131d0
In base 5, what is 3 - -3444112011?
3444112014
In base 3, what is 11121121101110 + 21101?
11121121122211
In base 12, what is 85 + -2491546?
-2491481
In base 7, what is 3115 - -1422664?
1426112
In base 15, what is 22ecd + -5b6?
22917
In base 2, what is -1001111011011011111101 - -1?
-1001111011011011111100
In base 10, what is 0 - -24872?
24872
In base 6, what is -1025024525 + -142?
-1025025111
In base 12, what is -25ab3 - 1372?
-27265
In base 6, what is 25312 + -15233?
10035
In base 16, what is 59f89d + -41?
59f85c
In base 14, what is -440c0dab - 4?
-440c0db1
In base 7, what is 6266 - 110446?
-101150
In base 8, what is 573111 + -36?
573053
In base 15, what is -4 + 9b38a3?
9b389e
In base 9, what is -142 + 3824337?
3824185
In base 12, what is 1334 + 16ba?
2a32
In base 8, what is -56 + -2713350?
-2713426
In base 10, what is -5 + -85070530?
-85070535
In base 14, what is -4b0b0 - -169?
-4ad45
In base 13, what is -11 - 15306?
-15317
In base 15, what is -4 + -21125ca1?
-21125ca5
In base 4, what is -3203 + 3330310?
3321101
In base 7, what is -5 + -321543106?
-321543114
In base 3, what is -2112 - -20001120201111?
20001120121222
In base 12, what is 0 + 41174b?
41174b
In base 11, what is 24 + -75a600?
-75a587
In base 2, what is 1010111 + 1010100101001111100?
1010100101011010011
In base 11, what is 288a87 - -2?
288a89
In base 11, what is 0 - 4872599?
-4872599
In base 3, what is -222120102112 + -21?
-222120102210
In base 5, what is -203304 + 21032?
-132222
In base 13, what is 94b - 28b7?
-1c69
In base 7, what is -16635354 - 3?
-16635360
In base 13, what is 6 - -9ab191b?
9ab1924
In base 15, what is 20574357 - 0?
20574357
In base 4, what is -1302310 + 130302?
-1112002
In base 14, what is -14 + -2b453?
-2b467
In base 8, what is 314 - -256215?
256531
In base 14, what is -495d8 + -21?
-49619
In base 11, what is 141a9905 + -1?
141a9904
In base 3, what is -1011111 + 11220200?
10202012
In base 4, what is 3110022202 + 10?
3110022212
In base 4, what is 2 - -210130312220?
210130312222
In base 5, what is -333012341020 - 12?
-333012341032
In base 7, what is -6 - -252302?
252263
In base 4, what is -22222011 + -22?
-22222033
In base 12, what is 1202529 - 0?
1202529
In base 15, what is -4c + -6aa4?
-6b01
In base 15, what is -882529 - 9?
-882533
In base 7, what is 2 + -5612212152?
-5612212150
In base 12, what is -15ab392 - 3?
-15ab395
In base 11, what is 663 - -14a4?
2057
In base 13, what is -4 + -16c185?
-16c189
In base 2, what is -101110000110011111101 - 100?
-101110000110100000001
In base 13, what is -6b172a3 + 6?
-6b1729a
In base 3, what is -201 - 10101120212211?
-10101120220112
In base 12, what is 39114a + 16?
391164
In base 15, what is -1510 + -3796?
-4ca6
In base 3, what is -1 - -1120011112011020?
1120011112011012
In base 5, what is 3 + -22124122401?
-22124122343
In base 8, what is 146 - 40715555?
-40715407
In base 11, what is -2065883 + 5?
-2065879
In base 8, what is 0 + -320667033?
-320667033
In base 3, what is 10022 - -2122220?
2210012
In base 13, what is -304a95 + -c?
-304aa4
In base 11, what is 5a6396 + 47?
5a6432
In base 9, what is 3466774 + -24?
3466750
In base 9, what is -3 - -47364?
47361
In base 5, what is 4 + -14113244?
-14113240
In base 5, what is -31324003 - -14?
-31323434
In base 15, what is 1676a84 + 0?
1676a84
In base 16, what is -26 - -7c9399?
7c9373
In base 13, what is 2ac48a2 + -2b?
2ac4874
In base 7, what is 10120 - 2436?
4351
In base 9, what is 21075 - -414?
21500
In base 2, what is -110010010000010000111 - -110?
-110010010000010000001
In base 9, what is 3 + 1531471?
1531474
In base 10, what is -4805 - -8674?
3869
In base 8, what is 4 - 303145315?
-303145311
In base 16, what is -97 + -c5630?
-c56c7
In base 11, what is -90784387 - -1?
-90784386
In base 4, what is -223011133132332 - -2?
-223011133132330
In base 7, what is 0 + -23451003?
-23451003
In base 12, what is 15b6 + 14a091?
14b687
In base 2, what is 1110000101011100 + -11011010?
1110000010000010
In base 8, what is -1465 - -104417?
102732
In base 7, what is -125 - -335314?
335156
In base 7, what is -4360 + 64425?
60035
In base 16, what is -23 - -2f1a1?
2f17e
In base 8, what is 161644426 - 3?
161644423
In base 16, what is 6ff + -1722?
-1023
In base 7, what is 223435354 + -2?
223435352
In base 8, what is 3263355755 + -4?
3263355751
In base 16, what is 2116bcee - -2?
2116bcf0
In base 9, what is -146 + 1048642?
1048485
In base 6, what is -332 - -20112220?
20111444
In base 5, what is -4043142130 - 2?
-4043142132
In base 2, what is 1110101011100 + 11101111001?
10010011010101
In base 8, what is -305 - -14260520?
14260213
In base 16, what is 19fa4b + 3?
19fa4e
In base 12, what is -9a - -15b953?
15b875
In base 2, what is -100 + 1011010000100011001010?
1011010000100011000110
In base 12, what is -4 + -520225b?
-5202263
In base 16, what is 1b4 + 373c?
38f0
In base 9, what is -1 - 6565887?
-6565888
In base 12, what is 2a87 - -184?
304b
In base 5, what is -230144401 + 120?
-230144231
In base 3, what is -12 + 1021210112212201?
1021210112212112
In base 6, what is -3 + -211000314?
-211000321
In base 11, what is 379 - 121a3?
-11925
In base 16, what is 5 + 105141?
105146
In base 7, what is -316511 + -31565?
-351406
In base 8, what is -1256 - -35514?
34236
In base 6, what is -13540505504 + -2?
-13540505510
In base 16, what is -239 + -4b6eb?
-4b924
In base 5, what is -2142 + -20102433?
-20110130
In base 9, what is -17751683 - -12?
-17751671
In base 16, what is -743 + 1f0a?
17c7
In base 12, what is -1 + -51359a?
-51359b
In base 3, what is -1022111111 + -1100200?
-1100212011
In base 13, what is 37b1 + 210?
39c1
In base 2, what is -110101001001000000000101110 + -1?
-110101001001000000000101111
In base 6, what is -3 + -44032242131?
-44032242134
In base 6, what is -143 + -12355445?
-12400032
In base 8, what is 12015301 + -3?
12015276
In base 14, what is 224d6 - 61?
22475
In base 6, what is 4440424012 + 4?
4440424020
In base 13, what is -2a05 - 21c6?
-4bcb
In base 2, what is -100100 + -111001100000110010?
-111001100001010110
In base 16, what is 2427 + -241c?
b
In base 11, what is -4538a5 - 70a?
-454504
In base 14, what is 2d + -7a0d6?
-7a0a7
In base 13, what is -ba85 + 348a?
-85c8
In base 8, what is -4 + -23205112?
-23205116
In base 16, what is -1fb4a - -10?
-1fb3a
In base 11, what is -15451 + -131?
-15582
In base 5, what is -113230434143 - 4?
-113230434202
In base 8, what is 124 - 2027613?
-2027467
In base 2, what is 1100001001 + -10001100100100?
-10000000011011
In base 9, what is 52164 + 10?
52174
In base 16, what is -1a7 - abd?
-c64
In base 4, what is 100122310 + 100?
100123010
In base 10, what is 365 - 7986?
-7621
In base 4, what is 3 - 22312303102?
-22312303033
In base 10, what is -4 - 26588583?
-26588587
In base 15, what is -a57 - -17b53?
170eb
In base 5, what is 20420024413 - 2?
20420024411
In base 6, what is -345 - -213035?
212250
In base 2, what is -110100101101001 - 11110?
-110100110000111
In base 7, what is -6053 + -652346?
-661432
In base 7, what is 466 - 4453104?
-4452305
In base 12, what is -23a804981 - 1?
-23a804982
In base 3, what is 200101 - -1220212021221?
1220212222022
In base 8, what is -60427336 - 6?
-60427344
In base 10, what is 7171 - 380?
6791
In base 5, what is -123 - 10413014221?
-10413014344
In base 15, what is -2 + 334453?
334451
In base 10, what is 9784425 - 4?
9784421
In base 2, what is -100 + -10000110110001101011011000001?
-10000110110001101011011000101
In base 7, what is -4466 - -24551?
20052
In base 4, what is -32 - 321100131?
-321100223
In base 16, what is -20 - -4b45d?
4b43d
In base 6, what is -234305333 - 21?
-234305354
In base 16, what is -124f2ee0 + 0?
-124f2ee0
In base 15, what is 283d1 + 1c5?
285a6
In base 6, what is 12 + -45324322?
-45324310
In base 12, what is 225b7a3b + 0?
225b7a3b
In base 10, what is -5655 + 617?
-5038
In base 16, what is -19d + f81b?
f67e
In base 3, what is 12 + -10120112012102?
-10120112012020
In base 14, what is 1d4ab - -16b?
1d638
In base 15, what is -5 - -138a2c?
138a27
In base 13, what is 13b - 2887b7?
-288679
In base 11, what is 304 + 130559?
130862
In base 14, what i